-5 - -6) + 1*44. Calculate the highest common factor of f and r.
15
Let n = 5 - 7. Let p be ((-80)/28)/(n/7). What is the highest common divisor of 50 and p?
10
Let h(b) = -b**3 + 17*b**2 - 16*b + 3. Let c(g) = 4*g + 4. Let r be c(3). Let z be h(r). Calculate the greatest common factor of z and 15.
3
Let b(a) = a**2 - a + 6. Suppose -j = -d - 6*j - 28, 4*d + 3*j = -27. Let w be b(d). Calculate the highest common divisor of w and 9.
9
Let l(c) = -c**2 + 4*c - 2. Let f be l(4). Let q be f/5 + 247/5. What is the highest common divisor of q and 7?
7
Suppose -2*n + 64 = q, 0 = -2*q - 2*q - 2*n + 274. Suppose 4*s - 2*s = 32. Let a = 26 - s. What is the greatest common factor of q and a?
10
Let q(d) = d**3 - 6*d**2 - d + 5. Let m be q(6). Let t = 11 - m. What is the greatest common factor of t and 6?
6
Suppose -z - 106 - 7 = 0. Let o = -77 - z. Let u = -52 + 64. What is the greatest common factor of u and o?
12
Suppose 5*k = 5*n - 20, 3*n - k - 7 = -1. Suppose -5*a - 2*s - n = 1, -5*s - 5 = 0. Let j = 15 - a. What is the highest common factor of 3 and j?
3
Let p = 0 - -8. Let l = 8 + p. Calculate the highest common divisor of l and 40.
8
Let t(a) = -a**2 + 9*a + 14. Let h be t(6). Calculate the highest common factor of h and 2.
2
Let x be ((-10)/25)/(2/(-20)). Let a be -1 + 2*58/4. Calculate the highest common factor of a and x.
4
Suppose 5*x - 113 + 43 = 0. Suppose 0 = 4*t - t + 6, -2*k - t = -x. Let m(w) = 3*w - 3. Let z be m(5). Calculate the highest common factor of z and k.
4
Suppose 0 = 5*q - 4 - 46. Let t be 93/5 + 4/q. Let r = -72 + 129. What is the greatest common factor of t and r?
19
Let o be (-5)/((16/(-4))/4). Calculate the highest common divisor of o and 5.
5
Let r = 156 - 108. What is the highest common factor of 6 and r?
6
Let y be (-1 + 1)/(0 - 2). Let g be (-3)/(-6)*(y - 0). Suppose 2*x - 3*x + 60 = g. Calculate the greatest common factor of 24 and x.
12
Let i be 5/1 - 5 - -75. What is the highest common divisor of 50 and i?
25
Suppose -4*r + 248 = 4*z, -4*r + 8*z - 3*z = -266. What is the highest common divisor of 96 and r?
32
Let p be 1 - (-2 + 5 + -17). Calculate the highest common factor of p and 3.
3
Let a = 23 + 1. What is the highest common factor of 264 and a?
24
Let h = -27 + 19. Let g be (h/(-3))/(6/27). What is the highest common factor of g and 60?
12
Suppose -5*m - 2*w + 9 = 0, 0 = 3*m - m - 4*w - 18. Suppose -p = -l - m, 2*p + 2*p - 13 = 5*l. Calculate the highest common divisor of p and 2.
2
Suppose 0 = -2*v + 5*v - 30. Suppose v = 2*o - 0*o. Let j(d) = d**3 - 6*d**2 - d + 8. Let g be j(6). Calculate the greatest common factor of g and o.
1
Let f(i) = 5*i - 48. Let z be f(11). What is the greatest common divisor of z and 77?
7
Suppose -7*x - 2 = -23. Calculate the highest common divisor of x and 1.
1
Let b be (0 + -60 + 2)/((-2)/1). What is the highest common divisor of b and 29?
29
Let o be (-922)/(-11) + 3/99*6. Calculate the greatest common divisor of 21 and o.
21
Let k = -257 + 67. Let u = 269 + k. Let q = u - 45. What is the greatest common factor of 17 and q?
17
Let t(w) = w - 9. Let o be t(5). Let x = -2 - -8. Let p be (-64)/24*x/o. What is the highest common factor of 44 and p?
4
Suppose 97 + 127 = 8*m. What is the highest common factor of 14 and m?
14
Let y be (-2)/9 + 92/9. What is the greatest common divisor of y and 80?
10
Let x be (4/6)/(1/3). Let p(q) be the third derivative of 3*q**5/10 - q**4/24 + 4*q**2. Let f be p(x). Calculate the highest common factor of 28 and f.
14
Let a(p) = p**3 - p**2 + p + 130. Let i be a(0). Suppose m = -32 + i. Calculate the highest common factor of 14 and m.
14
Suppose 3*b - 14 = -2*p, 2*b + 4*p - 4 = -b. Let f be (-15)/6*b/(-10). What is the highest common divisor of f and 3?
1
Let a(k) = k**2 + 6*k + 16. Let x be a(-6). Calculate the highest common factor of 24 and x.
8
Suppose y - 2*y + 189 = 5*g, 4*g - 157 = 5*y. Calculate the greatest common factor of g and 304.
38
Let a(b) be the first derivative of b**3/3 - 2*b**2 - 6*b + 4. Let q be a(5). Let f be (-5)/((-10)/4) - q. What is the greatest common divisor of f and 15?
3
Suppose -6 = 5*z - 2*z. Let a be 4/(z/(-8) - 0). Let x(l) = l + 9. Let o be x(-5). Calculate the highest common divisor of o and a.
4
Suppose c + 31 = -0*c. Let s = c + 163. Let f be (-10 - -1)/(6/(-8)). What is the greatest common divisor of s and f?
12
Suppose -5*b - 3*g + 8*g = -795, 0 = 3*b + g - 481. Let x(z) = -39*z - 214. Let v be x(-6). What is the highest common divisor of b and v?
20
Let w(h) = 2*h**3 + h**2. Let i be w(1). Suppose 101 = i*o + 5. Calculate the highest common divisor of 8 and o.
8
Let l(t) = t**3 - 19*t**2 + 35*t + 10. Let r be l(17). What is the greatest common divisor of r and 27?
27
Suppose 0 = -5*s - 3*a - 19 + 44, 8 = -s + 2*a. Suppose 5*q + 5*t + 45 = 0, -4 = 2*t + s*t. Let h = q - -24. What is the greatest common divisor of 24 and h?
8
Let j = 29 + -13. Suppose 25 = 5*q + 5. Suppose n - 161 = -3*g, 5*g + 724 = q*n + g. What is the greatest common factor of n and j?
16
Suppose -3 + 11 = -4*u. Let n be (u - -1) + 0 + 6. Suppose -106 = -n*b - 21. What is the highest common factor of b and 68?
17
Suppose 5*l - l = 12. Suppose -o = -l*o + 24. Suppose -5*p = 4*z - 169, -3*p + 195 = -2*z + 7*z. Calculate the highest common divisor of o and z.
12
Let r be ((-54)/2)/((-4)/8). Let z = r - 9. Let t = 66 - z. Calculate the highest common divisor of 231 and t.
21
Let l be ((-15)/(-6))/(1/(-2)). Let p = l + 14. Let t(m) = -12*m - 3. Let s be t(-4). What is the highest common factor of p and s?
9
Suppose 3*l = -3*z - 4 + 58, 0 = -3*l - 5*z + 62. What is the highest common divisor of l and 98?
14
Let c be 3*5/15 - -44. Let z(n) = n + 5. Let k be z(-5). Suppose -3*r + 9 + 0 = k, 0 = -3*u - 2*r + c. Calculate the greatest common divisor of u and 143.
13
Let i(b) = -b**3 - 7*b**2 + 6*b + 10. Let f be i(-8). What is the highest common factor of f and 234?
26
Let f be 2/(-2 + 0) + 23. Let i(m) = m**2 - 7*m - 2. Let b be i(8). Let o = b + -4. What is the greatest common factor of f and o?
2
Suppose 25*n + 30 = 26*n. Let s(k) = k**2 - 7*k + 9. Let f be s(6). What is the greatest common divisor of f and n?
3
Let v = 16 - -4. Suppose 0 = 3*l - v - 10. Let s be 50*(12/8 - 1). What is the greatest common divisor of l and s?
5
Let a = 25 - 22. Calculate the highest common divisor of a and 33.
3
Let h = 13 - -2. Calculate the greatest common divisor of h and 20.
5
Let u(d) = d**3 + 8*d**2 - d - 6. Let z be u(-8). Calculate the greatest common factor of 2 and z.
2
Suppose -h = -0*h + 8. Let s = h + 4. Let g be s/10 - 235/(-25). What is the highest common divisor of 63 and g?
9
Suppose 0 = -a - 2, -2*h - a - 242 = -5*h. Calculate the highest common factor of 32 and h.
16
Let w(h) = -1 + 3 - 3 + h + 4*h**2. Let v be w(1). Calculate the greatest common factor of 10 and v.
2
Suppose 6*i + 13 = 145. Calculate the highest common divisor of i and 198.
22
Suppose 2*n = 6*n - 52. Let w(z) be the second derivative of z**4 + z**3/2 + 4*z. Let a be w(3). What is the highest common divisor of a and n?
13
Suppose 0 = -3*d + 2*d + 12. Suppose -3*o + 2*o = -4. Suppose -o*n = -523 - 5. What is the highest common divisor of d and n?
12
Let u = 23 - 21. Let a be (-14)/(6/4 - u). What is the highest common factor of a and 4?
4
Let i be (375/45)/(2/12). Calculate the highest common divisor of 75 and i.
25
Suppose -5*k = -2*a + 31, 3*k + 7 = -2. Suppose 0 = s - 47 + 15. Calculate the greatest common factor of s and a.
8
Let t(y) = 7*y**2 + 3*y + 4. Let j be t(3). Suppose -5*s + 3*f + 89 = 0, s + f - 21 = -0. Calculate the highest common factor of j and s.
19
Suppose 5*i = 6*m - 2*m - 391, 0 = -4*m + 3*i + 401. Calculate the greatest common factor of 26 and m.
26
Suppose 0*s = 2*s - 374. Suppose -11 = 15*z - 266. Calculate the highest common divisor of z and s.
17
Suppose -m + 6 = 2*i, 3*i + 5*m = -2 + 25. Calculate the greatest common divisor of i and 5.
1
Let n = -16 + 28. What is the highest common divisor of 3 and n?
3
Let h(i) = i + 3. Let g be h(-4). Let y be (g - -2)/(1/6). What is the highest common factor of 3 and y?
3
Suppose 2*n + 94 = 4*n. Let x = n - -22. Calculate the highest common factor of 23 and x.
23
Let q be 6/2 + -9 + 6. Suppose 3*r = -2*h + 47 -